 2. Let j be x(8). Suppose -j = -a - z, 4*a = -a - 3*z + 214. Suppose 5*r = 2*p + 129, r + r - a = -3*p. What is the units digit of r?
5
What is the tens digit of (2/4)/((-3)/(-4806)) - -5?
0
Let a = -62 + 65. Suppose c + 1 = 5*u - a, 7 = 4*c + 3*u. What is the units digit of c?
1
Suppose -2*w + 12*k = 14*k - 6612, 0 = 5*w - 2*k - 16523. What is the thousands digit of w?
3
Let r be -8 + 7 + 13/1. Let s = -8 + r. Suppose -292 = -s*p - 80. What is the units digit of p?
3
Let k = 112 + -107. Suppose 2*w = 6*y - y + 199, -4*w + k*y = -373. What is the tens digit of w?
8
Let n(q) = -q + 19. Let c be n(9). Suppose -c*w + 384 = -576. What is the tens digit of w?
9
Let v be -2*12/16*-2. Suppose 4*w + 12 = -g, 0 = v*g + 3*w - w - 4. Suppose 6*k - 34 = g*k. What is the units digit of k?
7
Suppose 3 = -3*p, -v - 55 + 311 = -2*p. What is the units digit of v?
4
Suppose 1622 + 743 = 5*j. What is the units digit of j?
3
Suppose 481 = 3*x + 4*k, -k = 3*x + 2*x - 813. Suppose 0 = 2*p + g - x, 3*g + 210 + 111 = 4*p. What is the tens digit of p?
8
Let i(n) be the second derivative of n**5/20 - 19*n**4/12 + 11*n**3/3 - 19*n**2/2 - 3*n. Suppose j = 14 + 4. What is the units digit of i(j)?
3
What is the hundreds digit of 9888/60*(-5)/(-1)?
8
Suppose -3*f + 4428 = 5*l, 0 = 4*f - 8*l + 4*l - 5936. What is the tens digit of f?
8
Suppose 0 = 4*b - 24 - 56. Let g = -16 + b. Suppose -l - g*l + 80 = 0. What is the units digit of l?
6
What is the units digit of -9*30/(-81)*84/10?
8
Suppose -15*k + 5355 = -21135. What is the tens digit of k?
6
Suppose 134 - 14 = 12*o. What is the units digit of (9/(-1))/3 + o?
7
Let p = -1 + 1. Let j be (52/(-12))/(2/(-6)). Suppose j = -p*b + b. What is the tens digit of b?
1
Let z = 6 + -14. Let h be 66/z*-2*2. Let f = 55 - h. What is the units digit of f?
2
Let h = 2585 + -1614. What is the units digit of h?
1
Let i = -1 + 4. Suppose 0 = 2*o - 3*o + i. Suppose -o*j = -4*j + 25. What is the tens digit of j?
2
What is the hundreds digit of ((-411)/(-48)*-4)/((-1)/4)?
1
Suppose -2*n - u - 3 = 0, 12 + 8 = 4*u. Let m be 2/3*(-18)/n. Suppose -y = -2*w - m*y + 46, -124 = -5*w + 4*y. What is the tens digit of w?
2
Let y be (-3)/(3*(-4)/16). Suppose 7 + 5 = 4*j, 0 = y*x + 2*j - 30. Suppose x*h - 138 = -0*h. What is the tens digit of h?
2
Let y = 82 + 413. Suppose -33*x - y = -36*x. What is the units digit of x?
5
Let s be 2/(-4)*-156*1. Let q be 44/3*(-3)/2. Let p = s + q. What is the units digit of p?
6
Let r = 0 - 1. Let w be 1/(r/(-3)) + 1. Suppose w*s - 94 - 62 = 0. What is the units digit of s?
9
Let b = 1738 + -336. What is the hundreds digit of b?
4
Let s be (5/(-10)*-334)/(2 + -1). Suppose 103 = 3*d - s. What is the tens digit of d?
9
Let u = -313 + 639. What is the tens digit of u?
2
Let j = 52 - 49. Suppose 0 = -3*w - 0*w + j*l + 126, 3*w = 4*l + 128. What is the tens digit of w?
4
Suppose -5*v + 5 = -0*v. Let a be (-10)/4 - v/2. Let p = a - -13. What is the units digit of p?
0
Suppose -10*n + 5024 = -12206. What is the units digit of n?
3
Let k(x) = x + 15. Let b be k(-7). What is the units digit of 220/b*12/10?
3
Let m(o) = -o**3 - 3*o**2 + 2990. What is the hundreds digit of m(0)?
9
Suppose 5*r = -5*w + 10, 4*r = -2*w - w + 5. Suppose 2*i + 12 - 44 = -4*b, -b + 48 = w*i. Let z = i + 0. What is the tens digit of z?
1
Let w(r) = 3*r**2 - 2*r + 2. Let d be w(1). Suppose -275 = -d*f - 23. Suppose -3*b + 3*a + f = 0, -4*b + 109 = -3*a - 0*a. What is the units digit of b?
5
Let k(s) = s**3 + 11*s**2 + 5. Let l be (-20)/(-30) - (-52)/(-6) - -2. What is the units digit of k(l)?
5
Suppose 2*g + d - 775 = 0, 2*g - 14*d = -11*d + 795. What is the units digit of g?
0
What is the units digit of (3 - 4571/(-5)) + 18/(-15)?
6
Let b(u) = 2*u - 13. Let d be b(-6). Let q = -54 - 20. Let t = d - q. What is the units digit of t?
9
Let m(i) = i**3 - i + 7. Let r be (-4)/(-20) + (-96)/(-20). Let f = r + -5. What is the units digit of m(f)?
7
Let j(l) = l**2 + 3*l + 3. Let q be j(-3). Suppose q*a - 10 = a. Suppose -u + a = 4*u. What is the units digit of u?
1
Let t(d) = -34*d + 34. Let g be t(-9). Suppose -197 - 135 = -3*n - 5*u, -u = 3*n - g. What is the units digit of n?
4
Let c(t) = -t**3 + t**2 + 4*t + 3. Suppose -5*o - 9 - 1 = 0. What is the units digit of c(o)?
7
Suppose -5*i - 342 = -3*h, -i = -3*h + 276 + 54. What is the tens digit of h?
0
Suppose -2*z = -534 + 116. Suppose 0 = -3*l - 26 + z. What is the tens digit of l?
6
Let o = 5 + 0. Let p(z) = -10*z**2 - 13*z + 18*z - z**3 - o*z + 2. What is the units digit of p(-10)?
2
Let t = -529 + 540. What is the tens digit of t?
1
Let y(k) = -67*k + 138. What is the tens digit of y(-15)?
4
Let g(o) = -3*o + 2. Let z be g(0). Suppose -5*w + 13 = -4*c, 2*c = -c - 3*w + 24. Suppose 5*a - 5*d + 5 = 0, 5*a - z*d + c = 2*d. What is the units digit of a?
1
Suppose 46920 = 33*n - 112338. What is the tens digit of n?
2
Suppose -3*j + 1627 + 2504 = 0. What is the thousands digit of j?
1
Suppose 65 - 130 = -5*b. What is the tens digit of b?
1
Let t = -21 - -27. Suppose -2*g - 2*c + 20 = 0, g - 5*c + 14 + t = 0. What is the units digit of g?
5
Suppose -10*w + 7*w + 1446 = -c, 3*c = 0. What is the units digit of w?
2
Let l = 1634 - 764. What is the tens digit of l?
7
Let h be (-4 - (-3)/(-6))/((-9)/12). Suppose -y + q = -h*y + 151, 0 = -2*q - 8. What is the tens digit of y?
3
Let f(n) = n + 15. Let v be f(-12). Let k(i) = 34*i - 9. What is the tens digit of k(v)?
9
Suppose 9*m = 3604 + 662. What is the units digit of m?
4
Let n(z) = 6*z**2 + 2*z - 4. Let a be n(2). What is the tens digit of 8*-1*a/(-3)?
6
What is the hundreds digit of 6280/(-16)*(2 + (-8)/2)?
7
Suppose -10*g - 6 = -8*g. Let n = 36 + g. What is the units digit of n?
3
Let b(m) = -m**2 - 31. Let o(g) = 6*g + 5. Let f(c) = 5*c + 4. Let s(u) = 5*f(u) - 4*o(u). Let i(x) = -b(x) + 2*s(x). What is the tens digit of i(0)?
3
Let u(y) = -2*y**3 + 52*y**2 + 12*y + 20. What is the tens digit of u(25)?
7
Suppose 62*i - 70*i = -26232. What is the tens digit of i?
7
Let p = -54 + 58. Suppose p*j - 7*j = -4*y - 521, -2*j = 4*y - 354. What is the tens digit of j?
7
Let b = -136 - -139. Let y = 45 - 23. What is the units digit of -5 + b - y*-1?
0
What is the units digit of (-2*(-3)/(-6))/(6/(-12642))?
7
Let b(y) = 2*y**3 + 3*y**2 - 14*y - 36. Let g be b(-5). Let c = 296 + g. What is the tens digit of c?
5
What is the units digit of ((-90)/(-21))/1*(70 + -14)?
0
Let h = 966 - -1269. What is the units digit of h?
5
Suppose 4*r = -2*m + 36, 4*r - 7 = 4*m + 5. Suppose -3*x + r*x = 228. What is the tens digit of x?
5
Suppose 0 = 10*h - 11*h - 26. What is the units digit of (h/39)/((-1)/30)?
0
Let s be -4 - 4/(-2 - 2). Let w(f) = -3*f - 5. Let t be w(s). Suppose 0 = -t*b + 17 + 11. What is the units digit of b?
7
Suppose -17*c - 57*c + 83028 = 0. What is the units digit of c?
2
Suppose 5 = -5*g - 10. Let y = 5 + g. Suppose -m + 2*z + 2 = -11, 42 = y*m + 4*z. What is the units digit of m?
7
Let l = 351 + -237. What is the units digit of l?
4
Suppose -2*v = v - n - 1, 2 = -2*n. Suppose v = m - 20 - 88. What is the hundreds digit of m?
1
Let n(f) = f**2 - 9*f + 6. Let h(i) = i**3 + 5*i**2 + 2*i - 3. Let d be h(-4). Let c be n(d). Let k = -2 - c. What is the tens digit of k?
1
Let t = -5 + -1. Let h(w) = 5*w**2 + 2*w - 15. What is the hundreds digit of h(t)?
1
What is the hundreds digit of 10/35 - ((-13184)/28)/4?
1
Let x = -161 - -364. What is the units digit of x?
3
Let n(k) = k**3 + 7*k**2 - 2*k + 1. Let v(i) = 5*i + 8. Let h be v(-3). Let j be n(h). Let b = j - -12. What is the tens digit of b?
2
Let v(y) = 11*y**2 + 55*y - 377. What is the hundreds digit of v(7)?
5
Let h(f) = f**3 - 4*f**2 + 12*f + 1. Let v be h(10). Suppose -4*g + k = -576, 5*g - 3*k - v = -2*k. Suppose -3*c = 2*c - g. What is the units digit of c?
9
Let w = -1563 - -3235. What is the units digit of w?
2
Suppose 4*y = 20, 6*t + 2*y = 2*t + 366. Let k be (-1)/((-3)/687 + 0). Suppose k = 5*s + t. What is the units digit of s?
8
Let j = -128 + 134. Suppose -4*s = -5*i - 792, j*s = 11*s + 2*i - 1023. What is the units digit of s?
3
Let q = 10 - 2. Suppose -n = 5*a - 83, 2*a + 0*a + q = 0. Let c = n + -62. What is the units digit of c?
1
Suppose -6*t + 2499 = 831. What is the hundreds digit of t?
2
Suppos